9.
5761
What is the greatest common factor of 58838 and 522938?
26
Calculate the greatest common divisor of 1298262 and 1092.
42
What is the highest common divisor of 8858 and 5026786?
86
What is the greatest common factor of 57 and 53189949?
57
Calculate the highest common factor of 22875 and 7487475.
75
Calculate the greatest common factor of 127088 and 252148.
676
What is the highest common divisor of 8 and 10130968?
8
Calculate the greatest common factor of 76 and 16397019.
19
Calculate the highest common divisor of 134174 and 102928.
1838
Calculate the greatest common factor of 55 and 216355.
5
Calculate the highest common divisor of 7232834 and 1554.
518
Calculate the greatest common divisor of 9118450 and 40.
10
What is the highest common divisor of 36 and 1681366?
2
What is the highest common divisor of 1738 and 9171426?
1738
Calculate the greatest common factor of 125 and 622157000.
125
What is the highest common factor of 127198566 and 14184?
3546
Calculate the greatest common divisor of 44807 and 4961145.
259
Calculate the greatest common factor of 407252 and 3037271.
901
Calculate the greatest common divisor of 22908965 and 151.
151
What is the highest common divisor of 2782435 and 25?
5
Calculate the greatest common divisor of 12968748 and 729.
81
Calculate the greatest common factor of 3532551 and 2948385.
5511
Calculate the highest common divisor of 4433 and 15748806.
31
What is the greatest common factor of 374 and 47716790?
374
What is the greatest common divisor of 42192 and 31896?
72
Calculate the greatest common divisor of 57896523 and 531.
531
Calculate the highest common factor of 6246812 and 9724.
572
What is the highest common factor of 7776 and 167661?
9
Calculate the greatest common factor of 1460096 and 19703.
1037
What is the highest common divisor of 17436 and 145875388?
5812
Calculate the highest common divisor of 147920592 and 23808.
1488
Calculate the greatest common divisor of 969 and 21239929.
19
What is the greatest common divisor of 41782 and 650?
26
What is the highest common factor of 230442 and 47478?
1158
Calculate the highest common divisor of 3 and 2004173.
1
What is the greatest common factor of 99 and 1623270?
33
What is the highest common factor of 908420 and 8480?
1060
What is the greatest common divisor of 80933359 and 39?
13
What is the highest common factor of 122032158 and 36020?
3602
Calculate the greatest common factor of 318 and 85056626.
106
Calculate the greatest common divisor of 2548 and 13220116.
364
Calculate the highest common divisor of 98900 and 47693450.
2150
What is the highest common divisor of 901661 and 526007?
457
Calculate the greatest common divisor of 198 and 3266945.
11
What is the highest common divisor of 173380589 and 79?
79
What is the greatest common factor of 117828 and 815508?
108
Calculate the greatest common divisor of 966 and 44250804.
138
What is the highest common factor of 22442920 and 360?
40
Calculate the greatest common factor of 178876 and 29056.
908
Calculate the highest common divisor of 4012 and 3919252.
236
What is the highest common divisor of 501 and 608630999?
167
What is the greatest common divisor of 14582 and 606694?
46
Calculate the greatest common divisor of 417657295 and 44.
11
What is the greatest common divisor of 4050 and 347241?
3
Calculate the highest common factor of 1947786 and 78.
6
Calculate the greatest common divisor of 58260 and 419625.
15
What is the greatest common factor of 22177854 and 324?
54
What is the greatest common divisor of 550 and 167002?
22
Calculate the highest common factor of 784 and 4578070.
98
What is the greatest common factor of 3328 and 5547392?
128
Calculate the highest common divisor of 11110 and 100732148.
2222
Calculate the highest common divisor of 1523827 and 12709.
179
What is the highest common factor of 628019 and 19664?
1229
Calculate the greatest common factor of 33 and 48739361.
11
Calculate the highest common factor of 404634696 and 12.
12
What is the greatest common divisor of 29468 and 2340?
4
Calculate the greatest common divisor of 1646 and 1647.
1
What is the greatest common factor of 107691998 and 2152?
538
What is the highest common divisor of 24675 and 2951550?
525
Calculate the greatest common divisor of 9033691 and 5088.
53
What is the highest common divisor of 3378832 and 176?
16
What is the highest common factor of 11310 and 5742087?
1131
What is the highest common factor of 5236 and 8865857?
1309
Calculate the highest common factor of 7285 and 60428135.
235
What is the greatest common factor of 77571 and 9261243?
459
What is the highest common factor of 567656 and 24?
8
What is the greatest common divisor of 19461087 and 243?
27
What is the greatest common divisor of 2353949 and 1505?
43
What is the greatest common divisor of 42731 and 182533?
247
What is the greatest common divisor of 1452 and 153367368?
132
Calculate the highest common factor of 149 and 1479949801.
149
What is the highest common divisor of 20804 and 89404?
28
What is the greatest common factor of 2912164 and 3384880?
5836
What is the greatest common divisor of 1256320 and 122008?
1208
Calculate the highest common factor of 7714 and 2040448.
38
What is the greatest common divisor of 96 and 6446478?
6
Calculate the highest common factor of 13603910 and 6970.
170
Calculate the greatest common divisor of 90095 and 17279.
37
Calculate the greatest common factor of 21988 and 234278.
46
What is the highest common divisor of 204 and 156444?
12
Calculate the highest common divisor of 322408 and 27008.
1688
Calculate the highest common factor of 76278 and 114.
6
What is the greatest common factor of 4950 and 268290?
990
What is the highest common divisor of 732850 and 1225?
25
What is the greatest common factor of 40934985 and 1365?
1365
Calculate the highest common divisor of 1228 and 29631026.
614
Calculate the greatest common divisor of 741045 and 562229.
127
Calculate the greatest common factor of 46562426 and 38.
38
What is the greatest common factor of 38076 and 2685360?
2004
Calculate the highest common factor of 1320 and 371688.
24
What is the greatest common divisor of 4235 and 382067180?
605
What is the greatest common factor of 22108 and 996?
4
Calculate the greatest common factor of 424 and 7546988.
212
What is the greatest common factor of 821370222 and 13212?
6606
What is the highest common factor of 38208 and 17088?
192
Calculate the greatest common factor of 847626 and 4836.
78
What is the greatest common factor of 14319262 and 26?
2
Calculate the greatest common divisor of 1305606729 and 21.
21
What is the highest common divisor of 2491440 and 626640?
1680
Calculate the highest common factor of 56561884 and 590.
118
Calculate the highest common factor of 17508925 and 142100.
1225
What is the greatest common divisor of 3306 and 165528?
114
What is the highest common divisor of 40779973 and 137792?
2153
What is the greatest common divisor of 2472528 and 5712?
48
Calculate the greatest common divisor of 27684670 and 312.
26
Calculate the highest common factor of 97175206 and 844.
422
What is the greatest common factor of 80 and 64067445?
5
Calculate the highest common divisor of 1068 and 32886034.
178
Calculate the highest common factor of 3864769 and 10319.
607
What is the highest common factor of 8745 and 7900233?
1749
What is the highest common divisor of 87606 and 824724?
558
Calculate the greatest common factor of 72927 and 277870.
37
Calculate the highest common divisor of 4 and 10057303.
1
What is the greatest common divisor of 739362 and 43056?
78
What is the highest common divisor of 685185 and 421770?
255
Calculate the highest common divisor of 992 and 1692849984.
992
Calculate the highest common factor of 87256 and 4561643.
839
Calculate the greatest common divisor of 15510307 and 34.
17
Calculate the highest common divisor of 5484098 and 408.
34
Calculate the highest common factor of 1100 and 1658052.
44
Calculate the greatest common factor of 256 and 8912.
16
What is the highest common divisor of 670928 and 2983?
19
Calculate the highest common divisor of 58317842 and 537.
179
Calculate the highest common factor of 1486260028 and 19.
19
Calculate the greatest common divisor of 22174781 and 226.